{"id":306,"date":"2024-12-04T18:59:43","date_gmt":"2024-12-04T17:59:43","guid":{"rendered":"https:\/\/cnfps.fr\/?page_id=306"},"modified":"2025-09-18T11:35:32","modified_gmt":"2025-09-18T09:35:32","slug":"laureat-2024","status":"publish","type":"page","link":"https:\/\/cnfps.fr\/?page_id=306","title":{"rendered":"Laur\u00e9at 2024"},"content":{"rendered":"\n<p><strong>S\u00e9bastien Goudeau<\/strong><\/p>\n\n\n\n<p>Professeur des Universit\u00e9s &#8211; INSPE Niort et membre du Centre de Recherches sur la Cognition et l\u2019Apprentissage (CERCA UMR 7295), est laur\u00e9at du prix Th\u00e9odule Ribot du CNFPS 2024.<\/p>\n\n\n\n<div class=\"wp-block-columns is-layout-flex wp-container-core-columns-is-layout-9d6595d7 wp-block-columns-is-layout-flex\">\n<div class=\"wp-block-column is-layout-flow wp-block-column-is-layout-flow\">\n<iframe loading=\"lazy\" src=\"https:\/\/pod.univ-lille.fr\/video\/39503-remise-prix-cnfps-2024\/?is_iframe=true\" width=\"640\" height=\"360\" style=\"padding: 0; margin: 0; border:0\" allowfullscreen=\"\" title=\"remise prix cnfps 2024\"><\/iframe>\n<\/div>\n\n\n\n<div class=\"wp-block-column is-layout-flow wp-block-column-is-layout-flow\">\n<figure class=\"wp-block-image size-large is-resized\"><a href=\"https:\/\/cnfps.fr\/wp-content\/uploads\/2024\/12\/672b579fd98fe549cc189a1c.pdf\"><img loading=\"lazy\" decoding=\"async\" src=\"https:\/\/cnfps.fr\/wp-content\/uploads\/2024\/12\/Capture1-814x1024.png\" alt=\"\" class=\"wp-image-309\" width=\"402\" height=\"506\" srcset=\"https:\/\/cnfps.fr\/wp-content\/uploads\/2024\/12\/Capture1-814x1024.png 814w, https:\/\/cnfps.fr\/wp-content\/uploads\/2024\/12\/Capture1-238x300.png 238w, https:\/\/cnfps.fr\/wp-content\/uploads\/2024\/12\/Capture1-768x967.png 768w, https:\/\/cnfps.fr\/wp-content\/uploads\/2024\/12\/Capture1.png 893w\" sizes=\"auto, (max-width: 402px) 100vw, 402px\" \/><\/a><\/figure>\n<\/div>\n<\/div>\n\n\n\n<ul class=\"wp-block-list\">\n<li><\/li>\n<\/ul>\n\n\n\n<div class=\"wp-block-columns is-layout-flex wp-container-core-columns-is-layout-9d6595d7 wp-block-columns-is-layout-flex\">\n<div class=\"wp-block-column is-layout-flow wp-block-column-is-layout-flow\">\n<p><\/p>\n<\/div>\n<\/div>\n\n\n\n<div class=\"wp-block-columns is-layout-flex wp-container-core-columns-is-layout-9d6595d7 wp-block-columns-is-layout-flex\">\n<div class=\"wp-block-column is-layout-flow wp-block-column-is-layout-flow\"><div class=\"wp-block-image\">\n<figure class=\"aligncenter size-full is-resized\"><img loading=\"lazy\" decoding=\"async\" src=\"https:\/\/cnfps.fr\/wp-content\/uploads\/2024\/12\/laure_2024.jpg\" alt=\"\" class=\"wp-image-319\" width=\"492\" height=\"277\" srcset=\"https:\/\/cnfps.fr\/wp-content\/uploads\/2024\/12\/laure_2024.jpg 640w, https:\/\/cnfps.fr\/wp-content\/uploads\/2024\/12\/laure_2024-300x169.jpg 300w\" sizes=\"auto, (max-width: 492px) 100vw, 492px\" \/><\/figure>\n<\/div><\/div>\n\n\n\n<div class=\"wp-block-column is-layout-flow wp-block-column-is-layout-flow\">\n<ul class=\"wp-block-list\">\n<li>Lise Haddouk (F\u00e9d\u00e9ration Fran\u00e7aise des Psychologues et de Psychologie)<\/li>\n\n\n\n<li>Ren\u00e9 Clarisse (Soci\u00e9t\u00e9 Fran\u00e7aise de Psychologie)<\/li>\n\n\n\n<li>Val\u00e9rie Gyselinck (Secr\u00e9taire G\u00e9n\u00e9rale du CNFPS)<\/li>\n\n\n\n<li>S\u00e9bastien Bohler (Cerveau &amp; Psycho)<\/li>\n\n\n\n<li>S\u00e9bastien Goudeau (Laur\u00e9at du Prix Th\u00e9odule Ribot 2024)<\/li>\n\n\n\n<li>Olivier Houd\u00e9 (Membre de l\u2019Acad\u00e9mie des Sciences Morales et Politiques)<\/li>\n\n\n\n<li>Yann Coello (Pr\u00e9sident du CNFPS)<\/li>\n\n\n\n<li>Michel Denis (Pr\u00e9sident Honoraire du CNFPS)<\/li>\n\n\n\n<li>Marie-Pierre Fayant (Association pour la Diffusion de la Recherche Internationale en Psychologie Sociale)<\/li>\n<\/ul>\n<\/div>\n<\/div>\n","protected":false},"excerpt":{"rendered":"<p>S\u00e9bastien Goudeau Professeur des Universit\u00e9s &#8211; INSPE Niort et membre du Centre de Recherches sur la Cognition et l\u2019Apprentissage (CERCA UMR 7295), est laur\u00e9at du prix Th\u00e9odule Ribot du CNFPS 2024.<\/p>\n","protected":false},"author":1,"featured_media":0,"parent":0,"menu_order":0,"comment_status":"closed","ping_status":"closed","template":"","meta":{"footnotes":""},"class_list":["post-306","page","type-page","status-publish","hentry","entry"],"_links":{"self":[{"href":"https:\/\/cnfps.fr\/index.php?rest_route=\/wp\/v2\/pages\/306","targetHints":{"allow":["GET"]}}],"collection":[{"href":"https:\/\/cnfps.fr\/index.php?rest_route=\/wp\/v2\/pages"}],"about":[{"href":"https:\/\/cnfps.fr\/index.php?rest_route=\/wp\/v2\/types\/page"}],"author":[{"embeddable":true,"href":"https:\/\/cnfps.fr\/index.php?rest_route=\/wp\/v2\/users\/1"}],"replies":[{"embeddable":true,"href":"https:\/\/cnfps.fr\/index.php?rest_route=%2Fwp%2Fv2%2Fcomments&post=306"}],"version-history":[{"count":15,"href":"https:\/\/cnfps.fr\/index.php?rest_route=\/wp\/v2\/pages\/306\/revisions"}],"predecessor-version":[{"id":386,"href":"https:\/\/cnfps.fr\/index.php?rest_route=\/wp\/v2\/pages\/306\/revisions\/386"}],"wp:attachment":[{"href":"https:\/\/cnfps.fr\/index.php?rest_route=%2Fwp%2Fv2%2Fmedia&parent=306"}],"curies":[{"name":"wp","href":"https:\/\/api.w.org\/{rel}","templated":true}]}}