{"id":207,"date":"2021-11-30T12:52:34","date_gmt":"2021-11-30T11:52:34","guid":{"rendered":"https:\/\/cnfps.fr\/?page_id=207"},"modified":"2021-12-07T14:22:05","modified_gmt":"2021-12-07T13:22:05","slug":"laureat-2021","status":"publish","type":"page","link":"https:\/\/cnfps.fr\/?page_id=207","title":{"rendered":"Laur\u00e9at 2021"},"content":{"rendered":"\n<p><strong>Laura Dugu\u00e9,&nbsp;<\/strong><\/p>\n\n\n\n<p>Ma\u00eetresse de Conf\u00e9rences HDR \u00e0 l\u2019Universit\u00e9 de Paris et chercheuse \u00e0 l\u2019Integrative Neuroscience and Cognition Center (INCC \u2013 UMR 8002, CNRS) et \u00e0 l\u2019Institut Universitaire de France, est laur\u00e9ate du prix Th\u00e9odule Ribot du CNFPS 2021.<\/p>\n\n\n\n<div class=\"wp-block-columns is-layout-flex wp-container-core-columns-is-layout-9d6595d7 wp-block-columns-is-layout-flex\">\n<div class=\"wp-block-column is-layout-flow wp-block-column-is-layout-flow\">\n<iframe loading=\"lazy\" src=\"https:\/\/pod.univ-lille.fr\/video\/23348-cnfps2021mp4\/?is_iframe=true\" style=\"padding: 0; margin: 0; border:0\" allowfullscreen=\"\" width=\"640\" height=\"360\"><\/iframe>\n\n\n\n<p><\/p>\n<\/div>\n\n\n\n<div class=\"wp-block-column is-layout-flow wp-block-column-is-layout-flow\">\n<figure class=\"wp-block-image size-large is-resized is-style-rounded\"><a href=\"https:\/\/cnfps.fr\/wp-content\/uploads\/2021\/11\/Laureat-Theodule-Ribot-20211-1.pdf\"><img loading=\"lazy\" decoding=\"async\" src=\"https:\/\/cnfps.fr\/wp-content\/uploads\/2021\/11\/intermittences-1024x880.png\" alt=\"\" class=\"wp-image-212\" width=\"546\" height=\"469\" srcset=\"https:\/\/cnfps.fr\/wp-content\/uploads\/2021\/11\/intermittences-1024x880.png 1024w, https:\/\/cnfps.fr\/wp-content\/uploads\/2021\/11\/intermittences-300x258.png 300w, https:\/\/cnfps.fr\/wp-content\/uploads\/2021\/11\/intermittences-768x660.png 768w, https:\/\/cnfps.fr\/wp-content\/uploads\/2021\/11\/intermittences-1536x1320.png 1536w, https:\/\/cnfps.fr\/wp-content\/uploads\/2021\/11\/intermittences-1568x1347.png 1568w, https:\/\/cnfps.fr\/wp-content\/uploads\/2021\/11\/intermittences.png 1782w\" sizes=\"auto, (max-width: 546px) 100vw, 546px\" \/><\/a><\/figure>\n<\/div>\n<\/div>\n\n\n\n<div class=\"wp-block-columns is-layout-flex wp-container-core-columns-is-layout-9d6595d7 wp-block-columns-is-layout-flex\">\n<div class=\"wp-block-column is-layout-flow wp-block-column-is-layout-flow\" style=\"flex-basis:66.66%\">\n<figure class=\"wp-block-image size-large\"><img loading=\"lazy\" decoding=\"async\" width=\"1024\" height=\"768\" src=\"https:\/\/cnfps.fr\/wp-content\/uploads\/2021\/11\/groupe_2021-1024x768.jpg\" alt=\"\" class=\"wp-image-220\" srcset=\"https:\/\/cnfps.fr\/wp-content\/uploads\/2021\/11\/groupe_2021-1024x768.jpg 1024w, https:\/\/cnfps.fr\/wp-content\/uploads\/2021\/11\/groupe_2021-300x225.jpg 300w, https:\/\/cnfps.fr\/wp-content\/uploads\/2021\/11\/groupe_2021-768x576.jpg 768w, https:\/\/cnfps.fr\/wp-content\/uploads\/2021\/11\/groupe_2021-1536x1152.jpg 1536w, https:\/\/cnfps.fr\/wp-content\/uploads\/2021\/11\/groupe_2021-2048x1536.jpg 2048w, https:\/\/cnfps.fr\/wp-content\/uploads\/2021\/11\/groupe_2021-1568x1176.jpg 1568w\" sizes=\"auto, (max-width: 1024px) 100vw, 1024px\" \/><\/figure>\n<\/div>\n\n\n\n<div class=\"wp-block-column is-layout-flow wp-block-column-is-layout-flow\" style=\"flex-basis:33.33%\">\n<ul class=\"wp-block-list\"><li><strong>Comit\u00e9 de remise du prix Th\u00e9odule Ribot 2021 (de gauche \u00e0 droite)<\/strong>:<\/li><li>S\u00e9bastien Bohler (Cerveau et Psycho)<\/li><li>C\u00e9cile Lestienne (Cerveau et Psycho)<\/li><li>Yann Coello (CNFPS)<\/li><li>Laura Dugu\u00e9 (Laur\u00e9ate du prix Th\u00e9odule Ribot)<\/li><li>Olivier Houd\u00e9 (Acad\u00e9mie des Sciences Morales et Politiques)<\/li><li>Michel Denis (CNFPS)<\/li><li>Val\u00e9rie Gyselinck (CNFPS)<\/li><li>Maria Pereira (F\u00e9d\u00e9ration Fran\u00e7aise des Psychologues et de Psychologie)<\/li><li>Ren\u00e9 Clarisse (Soci\u00e9t\u00e9 Fran\u00e7aise de Psychologie)<\/li><\/ul>\n\n\n\n<p><\/p>\n<\/div>\n<\/div>\n\n\n\n<p><\/p>\n","protected":false},"excerpt":{"rendered":"<p>Laura Dugu\u00e9,&nbsp; Ma\u00eetresse de Conf\u00e9rences HDR \u00e0 l\u2019Universit\u00e9 de Paris et chercheuse \u00e0 l\u2019Integrative Neuroscience and Cognition Center (INCC \u2013 UMR 8002, CNRS) et \u00e0 l\u2019Institut Universitaire de France, est laur\u00e9ate du prix Th\u00e9odule Ribot du CNFPS 2021. Comit\u00e9 de remise du prix Th\u00e9odule Ribot 2021 (de gauche \u00e0 droite): S\u00e9bastien Bohler (Cerveau et Psycho) &hellip; <\/p>\n<p class=\"link-more\"><a href=\"https:\/\/cnfps.fr\/?page_id=207\" class=\"more-link\">Continuer la lecture <span class=\"screen-reader-text\"> \u00ab\u00a0Laur\u00e9at 2021\u00a0\u00bb<\/span><\/a><\/p>\n","protected":false},"author":1,"featured_media":0,"parent":0,"menu_order":0,"comment_status":"closed","ping_status":"closed","template":"","meta":{"footnotes":""},"class_list":["post-207","page","type-page","status-publish","hentry","entry"],"_links":{"self":[{"href":"https:\/\/cnfps.fr\/index.php?rest_route=\/wp\/v2\/pages\/207","targetHints":{"allow":["GET"]}}],"collection":[{"href":"https:\/\/cnfps.fr\/index.php?rest_route=\/wp\/v2\/pages"}],"about":[{"href":"https:\/\/cnfps.fr\/index.php?rest_route=\/wp\/v2\/types\/page"}],"author":[{"embeddable":true,"href":"https:\/\/cnfps.fr\/index.php?rest_route=\/wp\/v2\/users\/1"}],"replies":[{"embeddable":true,"href":"https:\/\/cnfps.fr\/index.php?rest_route=%2Fwp%2Fv2%2Fcomments&post=207"}],"version-history":[{"count":11,"href":"https:\/\/cnfps.fr\/index.php?rest_route=\/wp\/v2\/pages\/207\/revisions"}],"predecessor-version":[{"id":230,"href":"https:\/\/cnfps.fr\/index.php?rest_route=\/wp\/v2\/pages\/207\/revisions\/230"}],"wp:attachment":[{"href":"https:\/\/cnfps.fr\/index.php?rest_route=%2Fwp%2Fv2%2Fmedia&parent=207"}],"curies":[{"name":"wp","href":"https:\/\/api.w.org\/{rel}","templated":true}]}}

Lauréat 2021

<p><strong>Laura Dugué,&nbsp;</strong></p>



<p>Maîtresse de Conférences HDR à l’Université de Paris et chercheuse à l’Integrative Neuroscience and Cognition Center (INCC – UMR 8002, CNRS) et à l’Institut Universitaire de France, est lauréate du prix Théodule Ribot du CNFPS 2021.</p>



<div class="wp-block-columns is-layout-flex wp-container-core-columns-is-layout-9d6595d7 wp-block-columns-is-layout-flex">
<div class="wp-block-column is-layout-flow wp-block-column-is-layout-flow">
<iframe loading="lazy" src="https://pod.univ-lille.fr/video/23348-cnfps2021mp4/?is_iframe=true" style="padding: 0; margin: 0; border:0" allowfullscreen="" width="640" height="360"></iframe>



<p></p>
</div>



<div class="wp-block-column is-layout-flow wp-block-column-is-layout-flow">
<figure class="wp-block-image size-large is-resized is-style-rounded"><a href="https://cnfps.fr/wp-content/uploads/2021/11/Laureat-Theodule-Ribot-20211-1.pdf"><img loading="lazy" decoding="async" src="https://cnfps.fr/wp-content/uploads/2021/11/intermittences-1024x880.png" alt="" class="wp-image-212" width="546" height="469" srcset="https://cnfps.fr/wp-content/uploads/2021/11/intermittences-1024x880.png 1024w, https://cnfps.fr/wp-content/uploads/2021/11/intermittences-300x258.png 300w, https://cnfps.fr/wp-content/uploads/2021/11/intermittences-768x660.png 768w, https://cnfps.fr/wp-content/uploads/2021/11/intermittences-1536x1320.png 1536w, https://cnfps.fr/wp-content/uploads/2021/11/intermittences-1568x1347.png 1568w, https://cnfps.fr/wp-content/uploads/2021/11/intermittences.png 1782w" sizes="auto, (max-width: 546px) 100vw, 546px" /></a></figure>
</div>
</div>



<div class="wp-block-columns is-layout-flex wp-container-core-columns-is-layout-9d6595d7 wp-block-columns-is-layout-flex">
<div class="wp-block-column is-layout-flow wp-block-column-is-layout-flow" style="flex-basis:66.66%">
<figure class="wp-block-image size-large"><img loading="lazy" decoding="async" width="1024" height="768" src="https://cnfps.fr/wp-content/uploads/2021/11/groupe_2021-1024x768.jpg" alt="" class="wp-image-220" srcset="https://cnfps.fr/wp-content/uploads/2021/11/groupe_2021-1024x768.jpg 1024w, https://cnfps.fr/wp-content/uploads/2021/11/groupe_2021-300x225.jpg 300w, https://cnfps.fr/wp-content/uploads/2021/11/groupe_2021-768x576.jpg 768w, https://cnfps.fr/wp-content/uploads/2021/11/groupe_2021-1536x1152.jpg 1536w, https://cnfps.fr/wp-content/uploads/2021/11/groupe_2021-2048x1536.jpg 2048w, https://cnfps.fr/wp-content/uploads/2021/11/groupe_2021-1568x1176.jpg 1568w" sizes="auto, (max-width: 1024px) 100vw, 1024px" /></figure>
</div>



<div class="wp-block-column is-layout-flow wp-block-column-is-layout-flow" style="flex-basis:33.33%">
<ul class="wp-block-list"><li><strong>Comité de remise du prix Théodule Ribot 2021 (de gauche à droite)</strong>:</li><li>Sébastien Bohler (Cerveau et Psycho)</li><li>Cécile Lestienne (Cerveau et Psycho)</li><li>Yann Coello (CNFPS)</li><li>Laura Dugué (Lauréate du prix Théodule Ribot)</li><li>Olivier Houdé (Académie des Sciences Morales et Politiques)</li><li>Michel Denis (CNFPS)</li><li>Valérie Gyselinck (CNFPS)</li><li>Maria Pereira (Fédération Française des Psychologues et de Psychologie)</li><li>René Clarisse (Société Française de Psychologie)</li></ul>



<p></p>
</div>
</div>



<p></p>

<p>Laura Dugué,&nbsp; Maîtresse de Conférences HDR à l’Université de Paris et chercheuse à l’Integrative Neuroscience and Cognition Center (INCC – UMR 8002, CNRS) et à l’Institut Universitaire de France, est lauréate du prix Théodule Ribot du CNFPS 2021. Comité de remise du prix Théodule Ribot 2021 (de gauche à droite): Sébastien Bohler (Cerveau et Psycho) &hellip; </p>
<p class="link-more"><a href="https://cnfps.fr/?page_id=207" class="more-link">Continuer la lecture <span class="screen-reader-text"> « Lauréat 2021 »</span></a></p>
