{"id":2,"date":"2019-09-17T18:51:49","date_gmt":"2019-09-17T16:51:49","guid":{"rendered":"http:\/\/cnfps.fr\/?page_id=2"},"modified":"2026-01-28T20:49:10","modified_gmt":"2026-01-28T19:49:10","slug":"page-d-exemple","status":"publish","type":"page","link":"https:\/\/cnfps.fr\/","title":{"rendered":"Pr\u00e9sentation du CNFPS"},"content":{"rendered":"\n<figure class=\"wp-block-image size-full is-resized\"><img loading=\"lazy\" decoding=\"async\" width=\"601\" height=\"229\" src=\"https:\/\/cnfps.fr\/wp-content\/uploads\/2026\/01\/logoCNFPS-2.jpg\" alt=\"\" class=\"wp-image-474\" style=\"width:400px\" srcset=\"https:\/\/cnfps.fr\/wp-content\/uploads\/2026\/01\/logoCNFPS-2.jpg 601w, https:\/\/cnfps.fr\/wp-content\/uploads\/2026\/01\/logoCNFPS-2-300x114.jpg 300w\" sizes=\"auto, (max-width: 601px) 100vw, 601px\" \/><\/figure>\n\n\n\n<p class=\"has-dark-gray-color has-text-color has-link-color wp-elements-6d67fd05d883de4e34b34a9713c12dba\">Le <strong>Comit\u00e9 National Fran\u00e7ais de Psychologie Scientifique<\/strong> (CNFPS), cr\u00e9\u00e9 en 2002, assure la repr\u00e9sentation de la psychologie au sein du Comit\u00e9 Fran\u00e7ais des Unions Scientifiques Internationales &#8211; <a href=\"https:\/\/syrte.obspm.fr\/cofusi\/\" data-type=\"link\" data-id=\"https:\/\/syrte.obspm.fr\/cofusi\/\">CoFUSI<\/a>.&nbsp;En tant que membre du COFUSI, le CNFPS est plac\u00e9 sous la tutelle de l&rsquo;<a href=\"https:\/\/www.academie-sciences.fr\" data-type=\"link\" data-id=\"https:\/\/www.academie-sciences.fr\">Acad\u00e9mie des Sciences<\/a> \u00e0 laquelle il rend compte de son activit\u00e9 lors des Entretiens qui ont lieu une fois tous les trois ans.&nbsp;<\/p>\n\n\n\n<p class=\"has-dark-gray-color has-text-color has-link-color wp-elements-500cb74d5f1c0d451406c2efd0208590\">Le&nbsp;CNFPS est en charge&nbsp;de la repr\u00e9sentation de la psychologie fran\u00e7aise au plan international, notamment l&rsquo;Union Internationale de Psychologie Scientifique (<a href=\"https:\/\/www.iupsys.net\" data-type=\"link\" data-id=\"https:\/\/www.iupsys.net\">International Union of Psychological Science \/ IUPsyS<\/a>) et la Commission Internationale des Tests (<a href=\"https:\/\/www.intestcom.org\" data-type=\"link\" data-id=\"https:\/\/www.intestcom.org\">International Test Commission \/ ITC<\/a>).&nbsp;<\/p>\n\n\n\n<p>Les <a href=\"https:\/\/cnfps.fr\/?page_id=41\" data-type=\"link\" data-id=\"https:\/\/cnfps.fr\/?page_id=41\">membres du CNFPS<\/a> sont des chercheurs ou enseignants-chercheurs reconnus pour leur contribution \u00e0 la recherche et pour leur engagement dans la visibilit\u00e9 internationale de la&nbsp;psychologie fran\u00e7aise. Ils repr\u00e9sentent la diversit\u00e9 des sous-disciplines de la psychologie.<\/p>\n\n\n\n<p>Le CNFPS inclut \u00e9galement des membres de l\u2019Acad\u00e9mie des Sciences et de l\u2019Acad\u00e9mie des Sciences Morales et&nbsp;Politiques&nbsp;qui suivent les travaux du comit\u00e9 et sont&nbsp;en position de se porter garants de la qualit\u00e9 des activit\u00e9s nationales et internationales du comit\u00e9. Au sein du CNFPS sont \u00e9galement pr\u00e9sents des repr\u00e9sentants de deux organisations nationales&nbsp;repr\u00e9sentatives de la psychologie fran\u00e7aise, la Soci\u00e9t\u00e9 Fran\u00e7aise de Psychologie (SFP,&nbsp;<a href=\"http:\/\/www.sfpsy.org\" class=\"\">http:\/\/www.sfpsy.org<\/a>) et la F\u00e9d\u00e9ration Fran\u00e7aise des Psychologues et de Psychologie (FFPP,&nbsp;<a href=\"http:\/\/www.psychologues-psychologie.net\" class=\"\">http:\/\/www.psychologues-psychologie.net<\/a>), ainsi que l&rsquo;<a href=\"https:\/\/www.adrips.org\/\" data-type=\"link\" data-id=\"https:\/\/www.adrips.org\/\">Association pour la Diffusion de la Recherche Internationale en Psychologie Sociale<\/a> (ADRIPS, <a href=\"https:\/\/www.adrips.org\/\">https:\/\/www.adrips.org\/<\/a>).<\/p>\n\n\n\n<p>La&nbsp;mission du CNFPS est de favoriser le d\u00e9veloppement en France des recherches&nbsp;scientifiques en psychologie par tous les moyens&nbsp;d&rsquo;action appropri\u00e9s au niveau&nbsp;national et international.&nbsp;Depuis sa&nbsp;cr\u00e9ation, le CNFPS a eu pour pr\u00e9sidents Mich\u00e8le Carlier (2002-2004), Jacques Vauclair (2004-2008), Michel Denis (2008-2016), Yann Coello&nbsp;(2017-2024) et Christine Roland-L\u00e9vy (2025-2028).<\/p>\n\n\n\n<p><\/p>\n\n\n\n<p><\/p>\n","protected":false},"excerpt":{"rendered":"<p>Le Comit\u00e9 National Fran\u00e7ais de Psychologie Scientifique (CNFPS), cr\u00e9\u00e9 en 2002, assure la repr\u00e9sentation de la psychologie au sein du Comit\u00e9 Fran\u00e7ais des Unions Scientifiques Internationales &#8211; CoFUSI.&nbsp;En tant que membre du COFUSI, le CNFPS est plac\u00e9 sous la tutelle de l&rsquo;Acad\u00e9mie des Sciences \u00e0 laquelle il rend compte de son activit\u00e9 lors des Entretiens &hellip; <\/p>\n<p class=\"link-more\"><a href=\"https:\/\/cnfps.fr\/\" class=\"more-link\">Continuer la lecture <span class=\"screen-reader-text\"> \u00ab\u00a0Pr\u00e9sentation du CNFPS\u00a0\u00bb<\/span><\/a><\/p>\n","protected":false},"author":1,"featured_media":0,"parent":0,"menu_order":0,"comment_status":"closed","ping_status":"open","template":"","meta":{"footnotes":""},"class_list":["post-2","page","type-page","status-publish","hentry","entry"],"_links":{"self":[{"href":"https:\/\/cnfps.fr\/index.php?rest_route=\/wp\/v2\/pages\/2","targetHints":{"allow":["GET"]}}],"collection":[{"href":"https:\/\/cnfps.fr\/index.php?rest_route=\/wp\/v2\/pages"}],"about":[{"href":"https:\/\/cnfps.fr\/index.php?rest_route=\/wp\/v2\/types\/page"}],"author":[{"embeddable":true,"href":"https:\/\/cnfps.fr\/index.php?rest_route=\/wp\/v2\/users\/1"}],"replies":[{"embeddable":true,"href":"https:\/\/cnfps.fr\/index.php?rest_route=%2Fwp%2Fv2%2Fcomments&post=2"}],"version-history":[{"count":13,"href":"https:\/\/cnfps.fr\/index.php?rest_route=\/wp\/v2\/pages\/2\/revisions"}],"predecessor-version":[{"id":475,"href":"https:\/\/cnfps.fr\/index.php?rest_route=\/wp\/v2\/pages\/2\/revisions\/475"}],"wp:attachment":[{"href":"https:\/\/cnfps.fr\/index.php?rest_route=%2Fwp%2Fv2%2Fmedia&parent=2"}],"curies":[{"name":"wp","href":"https:\/\/api.w.org\/{rel}","templated":true}]}}